What is the tens digit of x?
2
Suppose -2*w - 24 = -4*w - 3*q, 3*q = -3*w + 33. Suppose -w*y - 225 = -12*y. What is the tens digit of y/12*(3 + 1)?
2
Let n = -5 + 3. Let i(c) = -3*c**2 - c + 1. Let d be i(n). Let a = 17 + d. What is the units digit of a?
8
Suppose 0 = -p - 5 + 6. Let j(n) = 8*n - 2 - 1 + 2. What is the units digit of j(p)?
7
Suppose -818 = -a + 4*k, 2*a - 811 = a - 3*k. What is the hundreds digit of a?
8
What is the units digit of (-11 - -6) + (-1 + -2 - -1747)?
9
Let d(z) be the second derivative of 7/6*z**3 - 4*z + 1/3*z**4 - 1/20*z**5 + 0 - 5/2*z**2. What is the units digit of d(5)?
5
Suppose -4*s = -2*x + x - 412, -s + 108 = x. Suppose -140 = -4*r - l, r - s = -2*r - l. What is the units digit of r?
6
Let u(l) = -2*l**3 - 28*l**2 + 19*l + 30. What is the hundreds digit of u(-15)?
1
Let r(z) = -z**2 - 8*z - 12. Let c be r(-5). Let w(n) = 3*n**3 - 2*n**2 - 2*n + 5. What is the tens digit of w(c)?
6
Let p(v) be the third derivative of -v**6/120 + v**5/4 + 17*v**4/24 - 13*v**3/3 + 32*v**2. What is the hundreds digit of p(15)?
2
Let x(c) = 3*c - 1. Let i be x(1). Suppose 2*g + 2*g = n - 1, 6 = -i*g. Let q = 36 + n. What is the units digit of q?
5
Suppose -4*p + p = -1242. What is the units digit of p?
4
Let o(w) = 5*w**2 + 14*w + 44. Let p be o(-5). Let i = p - 82. What is the units digit of i?
7
Suppose -o + 119 = z - 90, 4*o + 3*z - 833 = 0. Let m = 356 - o. Suppose 4*f - m = 34. What is the tens digit of f?
4
Suppose 9*j - 5*j + 24 = 0. Let i(x) = -x**2 - 6*x - 6. Let r be i(j). Let u = 42 + r. What is the units digit of u?
6
Suppose 14*f = 19*f - 25. Suppose 5*v + 4*k - 76 = 0, v + 3*v - f*k = 28. What is the units digit of v?
2
Suppose 0 = -4*b + 3*s - 0*s + 3, -5*b + 2*s + 2 = 0. Suppose -m - 169 = -3*y, -3*m = -b*y - y + 43. What is the tens digit of y?
5
Let g(c) = 6*c**2 - 25*c + 62. What is the units digit of g(10)?
2
Let u(m) = -4*m. Let g be u(-5). Suppose 4 = 3*b + 5*t - 11, -4*b - t = -g. What is the tens digit of 728/70 - 2/b?
1
Let a(u) = 4*u - 15. Let n be a(7). What is the tens digit of (-5 - -4)*(2 - n)?
1
Let v(n) = -2*n**2 + 34*n - 2. Let f be v(17). What is the tens digit of 0 - (2 - 0) - (f + -77)?
7
Let u(g) = 50*g**2 - 13*g + 2. What is the tens digit of u(4)?
5
Suppose 0 = -3*r + 47*r - 145156. What is the hundreds digit of r?
2
Let u = 398 - 259. Suppose -1 = 5*d + 4, -5*d + u = 2*f. What is the units digit of f?
2
Suppose 3*n = 6 + 3. Let s = n - 7. What is the units digit of (s/(-6))/((-1)/(-39))?
6
Suppose 0 = -5*w - 20, -5*n - 3*w = 128 - 26. What is the units digit of (-1 + (-15)/(-6))*(-348)/n?
9
Let k = 23 - 26. Let r(f) = 4*f**2 - f + 3. What is the units digit of r(k)?
2
Suppose -36015 = -299*i + 250*i. What is the hundreds digit of i?
7
Suppose 9*n - 978 = 39. What is the hundreds digit of n?
1
Let j be -111*(-2*1)/2. Suppose -5*z = 4*h - 10*z - 226, 214 = 4*h + z. Suppose -h - 47 = -3*b - w, -3*b = 3*w - j. What is the units digit of b?
2
Let v(n) = -n**2 - 127*n + 119. What is the hundreds digit of v(-67)?
1
Suppose -2*d = -4*z + 20, 2*z - 2 = 4*d - 5*d. Let r(q) = -z - q + 17 - 5 + 9. What is the units digit of r(-15)?
3
Let g(m) = -m**3 + 4*m**2 + 4*m - 4. Suppose 4*t + 6 = 22. Let f be g(t). Suppose f*n = 15*n - 87. What is the tens digit of n?
2
Let b be 4/14 - 57/(-21). Suppose -3*n + 3 = -b*x + 2*x, 4*n = 3*x + 9. What is the units digit of (5 - 2) + (0 - n)?
3
Let p(i) = i**2 + 17*i + 21. Let j = -26 + 10. Let r be p(j). Suppose -4*k = -r - 31. What is the units digit of k?
9
Suppose 0 = -4*b + g - 160, -5*g + 27 - 7 = 0. Let k = -81 + 158. Let h = k + b. What is the units digit of h?
8
What is the units digit of (-9)/(-12) + (-306037)/(-116)?
9
What is the units digit of (-416)/(1 + (660/54)/(-10))?
2
Let o(v) = 4*v**3 + 3*v**2 - 6*v - 3. Let w(k) = -11*k**3 - 10*k**2 + 18*k + 9. Let y(s) = 8*o(s) + 3*w(s). What is the tens digit of y(-7)?
1
Let j(v) = v**3 + 7*v**2 - 5*v - 8. Let d be j(-7). Let w = -15 + d. Let y(l) = -l**2 + 15*l + 6. What is the units digit of y(w)?
2
Suppose 3*f = 2*y + 4 + 2, 10 = 5*f + 5*y. Suppose f - 4 = c, -334 = -4*m - 3*c. What is the tens digit of m?
8
Suppose 2*c - g = 2*g + 24, 0 = -3*c - 5*g - 2. Suppose 4*r - 2*r = c, 3*o = 4*r + 201. What is the tens digit of o?
7
Let l(j) = 3*j - 19. Let p be l(7). Suppose 2*h - 382 = -5*k, 4*k + 184 + 198 = p*h. What is the units digit of h?
1
Let j be ((-98)/4)/((-8)/16). Let a be (j/(-7))/(2 + -3). Suppose -a = -t - 4*i, i = -4*t + 4*i + 28. What is the units digit of t?
7
Suppose 0 = 3*u - 0 - 15. Suppose -u - 265 = -5*b. Suppose b = -m + 2*m. What is the units digit of m?
4
Suppose -57760 = -34*a - 12166. What is the thousands digit of a?
1
Let p(i) = -i**3 + 15*i**2 + i - 15. Let d be p(15). Suppose 3*t + 196 = 4*b, 4*b + t + 4*t - 196 = d. What is the units digit of b?
9
Let n = -160 + 641. What is the hundreds digit of n?
4
Suppose 580 = -46*k + 9964. What is the hundreds digit of k?
2
Let z = 259 - 228. What is the units digit of z?
1
Let k(j) = 18*j - 20. Let g be k(4). Suppose 384 = 2*d - g. What is the tens digit of d?
1
Let b = 2684 - 2446. What is the tens digit of b?
3
Let t(s) = 6*s**3 - 20*s - 32. What is the hundreds digit of t(9)?
1
What is the tens digit of -1 - (-267 + -3 + 12)?
5
What is the tens digit of (-8)/(-6) - (0 + 15435/(-27))?
7
Suppose -5*l + 25 = 0, -p + 110 = 4*l + l. Let v = p + 40. What is the units digit of v?
5
Let j = 10059 + -6780. What is the units digit of j?
9
Let r(x) = x**3 + x - 20. Let a be r(0). Let c be ((-4)/(-8) - 3)*a. Suppose 0*b = -3*b - 2*z + 50, 2*b = 2*z + c. What is the units digit of b?
0
Suppose -2*i + 135 = -3*j, -4*i + 0*j = j - 277. What is the tens digit of i?
6
Let f be 651/49 + 4/(-14). Suppose f*s - 12*s - 86 = 0. What is the units digit of s?
6
Suppose 0 = 3*g - 3*f + 390, 2*g + 130 = g + 4*f. Let v = g + 194. What is the tens digit of v?
6
Suppose z + 509 = h, -5*h - 7*z = -4*z - 2569. What is the units digit of h?
2
Let u be -4 + 2/3*12. Suppose l = u*l - 126. What is the units digit of l?
2
Let o = -4 + 32. Let x = 47 - o. Let c = 29 - x. What is the units digit of c?
0
Let r = 29 - 25. Let q(t) = 22*t - 8. What is the tens digit of q(r)?
8
Suppose 4*i - 1363 = -4*n + 173, 1561 = 4*i - n. Suppose -k + 5*k + b = i, 0 = 5*k - 5*b - 480. What is the units digit of k?
7
Let k be -2 - 6/1 - (5 + -2). Let l = -20 - -3. Let f = k - l. What is the units digit of f?
6
Suppose -t + 3297 = -2*z, 3*t - 7102 - 2757 = -2*z. What is the hundreds digit of t?
2
Let w(f) = -4*f**2 + 2*f + 72. Let g(j) = 3*j**2 - j - 73. Let a(c) = -3*g(c) - 2*w(c). What is the tens digit of a(0)?
7
Let g(l) = -8*l + 66 - 26 - 35. What is the units digit of g(-9)?
7
Suppose 3*q - 5775 = 1044. What is the tens digit of q?
7
Suppose -5*h + 14 = -266. Suppose 0 = -u - 3*u + h. What is the tens digit of u?
1
Let o be ((-354)/4)/(((-99)/(-18))/11). Let g = o - -371. What is the tens digit of g?
9
Let d = 861 + 208. What is the hundreds digit of d?
0
Suppose -5*f + 0*f - 5*p + 275 = 0, -5*p = f - 71. What is the units digit of (-1 - 1)*f/(-2)?
1
Suppose -4*y = -4*r + 5092, 3814 = 3*r - 3*y + 5*y. What is the tens digit of r?
7
Suppose -15*h + 7618 = 1513. What is the hundreds digit of h?
4
What is the hundreds digit of (-20)/15 - (-15)/(-9) - -384?
3
Suppose -5*r + 1002 = -2*r. Suppose 5*v - r = -59. What is the units digit of v?
5
Let z(c) = c**2 + 35*c + 24. What is the hundreds digit of z(33)?
2
Suppose 1361 + 775 = 12*y. What is the units digit of y?
8
Suppose -25 = -37*t + 32*t. Let z = -405 - -674. Suppose -t*x + z = -3*c, c + 6 = -c. What is the tens digit of x?
5
Suppose -4*p = -p - x + 25, p = 4*x - 23. What is the tens digit of ((-1988)/(-8))/p*-2?
7
Suppose -65040 = 54*u - 69*u. What is the tens digit of u?
3
Suppose y = 11 + 1. Suppose y*c = 11*c. Let w(d) = -d**2 + 17. What is the units digit of w(c)?
7
Let h(l) = 18*l**3 - 3*l**2 + 13*l + 1. What is the hundreds digit of h(3)?
4
What is the units digit of (-5)/(-225)*6 + 19646/30?
5
Let o(a) = -24 - a + 3*a - 6*a. Let j be (18/6 + -2)*-11. What is the units digit of o(j)?
0
Suppose -4*n + 14801 = j, -7*j = 4*n - 8*j - 14807. What is the hundreds digit of n?
7
Suppose 2*h - 1321 = -s + 698, -5*s = -h + 1037. What is 